{"id":11,"date":"2016-05-20T15:54:48","date_gmt":"2016-05-20T13:54:48","guid":{"rendered":"http:\/\/www.dr-riegler.at\/dr_riegler\/?page_id=11"},"modified":"2023-01-23T13:16:05","modified_gmt":"2023-01-23T12:16:05","slug":"ueber-mich","status":"publish","type":"page","link":"https:\/\/www.dr-riegler.at\/dr_riegler\/ueber-mich\/","title":{"rendered":"\u00dcber Mich"},"content":{"rendered":"<div class=\"wpb-content-wrapper\"><p>[vc_row][vc_column][vc_column_text]<\/p>\n<h3 style=\"text-align: center;\">Wahlarzt Dr. Karl Riegler &#8211; Facharzt f\u00fcr Innere Medizin<\/h3>\n<ul>\n<li>1991: Promotion zum Med.Uni.<\/li>\n<li>1992: Beginn des Turnus im Landesklinikum Mistelbach-G\u00e4nserndorf<\/li>\n<li>1995: Beginn der Ausbildung zum Facharzt f\u00fcr Innere Medizin<\/li>\n<li>von 2000 &#8211; 2007: Oberarzt im Krankenhaus Mistelbach, prim\u00e4r an der II.Med.Abteilung \u2013 Gastroenterologie, (u.a. Aufbau der Diabetesambulanz)<\/li>\n<li>von 2007 &#8211; 2014: Oberarzt an der I. Med. Abteilung \u2013 Kardiologie, Nephrologie und Intensivmedizin<\/li>\n<li>2005: Er\u00f6ffnung meiner Wahlarztordination in G\u00e4nserndorf<\/li>\n<li>2007: Er\u00f6ffnung meiner zweiten Wahlarztordination in Gro\u00dfebersdorf<\/li>\n<\/ul>\n<p>Auf Grund meiner Ausbildung und Erfahrung kann ich ein reichhaltiges Angebot an Untersuchungen anbieten.[\/vc_column_text][\/vc_column][\/vc_row]<\/p>\n<\/div>","protected":false},"excerpt":{"rendered":"<p>[vc_row][vc_column][vc_column_text] Wahlarzt Dr. Karl Riegler &#8211; Facharzt f\u00fcr Innere Medizin 1991: Promotion zum Med.Uni. 1992: Beginn des Turnus im Landesklinikum Mistelbach-G\u00e4nserndorf 1995: Beginn der Ausbildung zum Facharzt f\u00fcr Innere Medizin von 2000 &#8211; 2007: Oberarzt im Krankenhaus Mistelbach, prim\u00e4r an der II.Med.Abteilung \u2013 Gastroenterologie, (u.a. Aufbau der Diabetesambulanz) von 2007 &#8211; 2014: Oberarzt an der&hellip;<\/p>\n","protected":false},"author":1,"featured_media":0,"parent":0,"menu_order":0,"comment_status":"closed","ping_status":"closed","template":"","meta":{"footnotes":""},"class_list":["post-11","page","type-page","status-publish","hentry","description-off"],"yoast_head":"<!-- This site is optimized with the Yoast SEO plugin v27.2 - https:\/\/yoast.com\/product\/yoast-seo-wordpress\/ -->\n<title>\u00dcber Mich - Dr. Karl Riegler<\/title>\n<meta name=\"robots\" content=\"index, follow, max-snippet:-1, max-image-preview:large, max-video-preview:-1\" \/>\n<link rel=\"canonical\" href=\"https:\/\/www.dr-riegler.at\/dr_riegler\/ueber-mich\/\" \/>\n<meta property=\"og:locale\" content=\"de_DE\" \/>\n<meta property=\"og:type\" content=\"article\" \/>\n<meta property=\"og:title\" content=\"\u00dcber Mich - Dr. Karl Riegler\" \/>\n<meta property=\"og:description\" content=\"[vc_row][vc_column][vc_column_text] Wahlarzt Dr. Karl Riegler &#8211; Facharzt f\u00fcr Innere Medizin 1991: Promotion zum Med.Uni. 1992: Beginn des Turnus im Landesklinikum Mistelbach-G\u00e4nserndorf 1995: Beginn der Ausbildung zum Facharzt f\u00fcr Innere Medizin von 2000 &#8211; 2007: Oberarzt im Krankenhaus Mistelbach, prim\u00e4r an der II.Med.Abteilung \u2013 Gastroenterologie, (u.a. Aufbau der Diabetesambulanz) von 2007 &#8211; 2014: Oberarzt an der&hellip;\" \/>\n<meta property=\"og:url\" content=\"https:\/\/www.dr-riegler.at\/dr_riegler\/ueber-mich\/\" \/>\n<meta property=\"og:site_name\" content=\"Dr. Karl Riegler\" \/>\n<meta property=\"article:modified_time\" content=\"2023-01-23T12:16:05+00:00\" \/>\n<meta property=\"og:image\" content=\"https:\/\/www.dr-riegler.at\/dr_riegler\/wp-content\/uploads\/2016\/05\/Logo_small.png\" \/>\n\t<meta property=\"og:image:width\" content=\"150\" \/>\n\t<meta property=\"og:image:height\" content=\"143\" \/>\n\t<meta property=\"og:image:type\" content=\"image\/png\" \/>\n<meta name=\"twitter:card\" content=\"summary_large_image\" \/>\n<meta name=\"twitter:label1\" content=\"Gesch\u00e4tzte Lesezeit\" \/>\n\t<meta name=\"twitter:data1\" content=\"1\u00a0Minute\" \/>\n<script type=\"application\/ld+json\" class=\"yoast-schema-graph\">{\"@context\":\"https:\/\/schema.org\",\"@graph\":[{\"@type\":\"WebPage\",\"@id\":\"https:\/\/www.dr-riegler.at\/dr_riegler\/ueber-mich\/\",\"url\":\"https:\/\/www.dr-riegler.at\/dr_riegler\/ueber-mich\/\",\"name\":\"\u00dcber Mich - Dr. Karl Riegler\",\"isPartOf\":{\"@id\":\"https:\/\/www.dr-riegler.at\/dr_riegler\/#website\"},\"datePublished\":\"2016-05-20T13:54:48+00:00\",\"dateModified\":\"2023-01-23T12:16:05+00:00\",\"breadcrumb\":{\"@id\":\"https:\/\/www.dr-riegler.at\/dr_riegler\/ueber-mich\/#breadcrumb\"},\"inLanguage\":\"de\",\"potentialAction\":[{\"@type\":\"ReadAction\",\"target\":[\"https:\/\/www.dr-riegler.at\/dr_riegler\/ueber-mich\/\"]}]},{\"@type\":\"BreadcrumbList\",\"@id\":\"https:\/\/www.dr-riegler.at\/dr_riegler\/ueber-mich\/#breadcrumb\",\"itemListElement\":[{\"@type\":\"ListItem\",\"position\":1,\"name\":\"Startseite\",\"item\":\"https:\/\/www.dr-riegler.at\/dr_riegler\/\"},{\"@type\":\"ListItem\",\"position\":2,\"name\":\"\u00dcber Mich\"}]},{\"@type\":\"WebSite\",\"@id\":\"https:\/\/www.dr-riegler.at\/dr_riegler\/#website\",\"url\":\"https:\/\/www.dr-riegler.at\/dr_riegler\/\",\"name\":\"Dr. Karl Riegler\",\"description\":\"Ihr Wahlarzt aller Kassen\",\"publisher\":{\"@id\":\"https:\/\/www.dr-riegler.at\/dr_riegler\/#organization\"},\"potentialAction\":[{\"@type\":\"SearchAction\",\"target\":{\"@type\":\"EntryPoint\",\"urlTemplate\":\"https:\/\/www.dr-riegler.at\/dr_riegler\/?s={search_term_string}\"},\"query-input\":{\"@type\":\"PropertyValueSpecification\",\"valueRequired\":true,\"valueName\":\"search_term_string\"}}],\"inLanguage\":\"de\"},{\"@type\":\"Organization\",\"@id\":\"https:\/\/www.dr-riegler.at\/dr_riegler\/#organization\",\"name\":\"Dr. Karl Riegler\",\"url\":\"https:\/\/www.dr-riegler.at\/dr_riegler\/\",\"logo\":{\"@type\":\"ImageObject\",\"inLanguage\":\"de\",\"@id\":\"https:\/\/www.dr-riegler.at\/dr_riegler\/#\/schema\/logo\/image\/\",\"url\":\"https:\/\/www.dr-riegler.at\/dr_riegler\/wp-content\/uploads\/2016\/05\/Logo.png\",\"contentUrl\":\"https:\/\/www.dr-riegler.at\/dr_riegler\/wp-content\/uploads\/2016\/05\/Logo.png\",\"width\":500,\"height\":477,\"caption\":\"Dr. Karl Riegler\"},\"image\":{\"@id\":\"https:\/\/www.dr-riegler.at\/dr_riegler\/#\/schema\/logo\/image\/\"}}]}<\/script>\n<!-- \/ Yoast SEO plugin. -->","yoast_head_json":{"title":"\u00dcber Mich - Dr. Karl Riegler","robots":{"index":"index","follow":"follow","max-snippet":"max-snippet:-1","max-image-preview":"max-image-preview:large","max-video-preview":"max-video-preview:-1"},"canonical":"https:\/\/www.dr-riegler.at\/dr_riegler\/ueber-mich\/","og_locale":"de_DE","og_type":"article","og_title":"\u00dcber Mich - Dr. Karl Riegler","og_description":"[vc_row][vc_column][vc_column_text] Wahlarzt Dr. Karl Riegler &#8211; Facharzt f\u00fcr Innere Medizin 1991: Promotion zum Med.Uni. 1992: Beginn des Turnus im Landesklinikum Mistelbach-G\u00e4nserndorf 1995: Beginn der Ausbildung zum Facharzt f\u00fcr Innere Medizin von 2000 &#8211; 2007: Oberarzt im Krankenhaus Mistelbach, prim\u00e4r an der II.Med.Abteilung \u2013 Gastroenterologie, (u.a. Aufbau der Diabetesambulanz) von 2007 &#8211; 2014: Oberarzt an der&hellip;","og_url":"https:\/\/www.dr-riegler.at\/dr_riegler\/ueber-mich\/","og_site_name":"Dr. Karl Riegler","article_modified_time":"2023-01-23T12:16:05+00:00","og_image":[{"width":150,"height":143,"url":"https:\/\/www.dr-riegler.at\/dr_riegler\/wp-content\/uploads\/2016\/05\/Logo_small.png","type":"image\/png"}],"twitter_card":"summary_large_image","twitter_misc":{"Gesch\u00e4tzte Lesezeit":"1\u00a0Minute"},"schema":{"@context":"https:\/\/schema.org","@graph":[{"@type":"WebPage","@id":"https:\/\/www.dr-riegler.at\/dr_riegler\/ueber-mich\/","url":"https:\/\/www.dr-riegler.at\/dr_riegler\/ueber-mich\/","name":"\u00dcber Mich - Dr. Karl Riegler","isPartOf":{"@id":"https:\/\/www.dr-riegler.at\/dr_riegler\/#website"},"datePublished":"2016-05-20T13:54:48+00:00","dateModified":"2023-01-23T12:16:05+00:00","breadcrumb":{"@id":"https:\/\/www.dr-riegler.at\/dr_riegler\/ueber-mich\/#breadcrumb"},"inLanguage":"de","potentialAction":[{"@type":"ReadAction","target":["https:\/\/www.dr-riegler.at\/dr_riegler\/ueber-mich\/"]}]},{"@type":"BreadcrumbList","@id":"https:\/\/www.dr-riegler.at\/dr_riegler\/ueber-mich\/#breadcrumb","itemListElement":[{"@type":"ListItem","position":1,"name":"Startseite","item":"https:\/\/www.dr-riegler.at\/dr_riegler\/"},{"@type":"ListItem","position":2,"name":"\u00dcber Mich"}]},{"@type":"WebSite","@id":"https:\/\/www.dr-riegler.at\/dr_riegler\/#website","url":"https:\/\/www.dr-riegler.at\/dr_riegler\/","name":"Dr. Karl Riegler","description":"Ihr Wahlarzt aller Kassen","publisher":{"@id":"https:\/\/www.dr-riegler.at\/dr_riegler\/#organization"},"potentialAction":[{"@type":"SearchAction","target":{"@type":"EntryPoint","urlTemplate":"https:\/\/www.dr-riegler.at\/dr_riegler\/?s={search_term_string}"},"query-input":{"@type":"PropertyValueSpecification","valueRequired":true,"valueName":"search_term_string"}}],"inLanguage":"de"},{"@type":"Organization","@id":"https:\/\/www.dr-riegler.at\/dr_riegler\/#organization","name":"Dr. Karl Riegler","url":"https:\/\/www.dr-riegler.at\/dr_riegler\/","logo":{"@type":"ImageObject","inLanguage":"de","@id":"https:\/\/www.dr-riegler.at\/dr_riegler\/#\/schema\/logo\/image\/","url":"https:\/\/www.dr-riegler.at\/dr_riegler\/wp-content\/uploads\/2016\/05\/Logo.png","contentUrl":"https:\/\/www.dr-riegler.at\/dr_riegler\/wp-content\/uploads\/2016\/05\/Logo.png","width":500,"height":477,"caption":"Dr. Karl Riegler"},"image":{"@id":"https:\/\/www.dr-riegler.at\/dr_riegler\/#\/schema\/logo\/image\/"}}]}},"_links":{"self":[{"href":"https:\/\/www.dr-riegler.at\/dr_riegler\/wp-json\/wp\/v2\/pages\/11","targetHints":{"allow":["GET"]}}],"collection":[{"href":"https:\/\/www.dr-riegler.at\/dr_riegler\/wp-json\/wp\/v2\/pages"}],"about":[{"href":"https:\/\/www.dr-riegler.at\/dr_riegler\/wp-json\/wp\/v2\/types\/page"}],"author":[{"embeddable":true,"href":"https:\/\/www.dr-riegler.at\/dr_riegler\/wp-json\/wp\/v2\/users\/1"}],"replies":[{"embeddable":true,"href":"https:\/\/www.dr-riegler.at\/dr_riegler\/wp-json\/wp\/v2\/comments?post=11"}],"version-history":[{"count":6,"href":"https:\/\/www.dr-riegler.at\/dr_riegler\/wp-json\/wp\/v2\/pages\/11\/revisions"}],"predecessor-version":[{"id":1525,"href":"https:\/\/www.dr-riegler.at\/dr_riegler\/wp-json\/wp\/v2\/pages\/11\/revisions\/1525"}],"wp:attachment":[{"href":"https:\/\/www.dr-riegler.at\/dr_riegler\/wp-json\/wp\/v2\/media?parent=11"}],"curies":[{"name":"wp","href":"https:\/\/api.w.org\/{rel}","templated":true}]}}